 435305 + 4?
435313
In base 5, what is 0 + -123?
-123
In base 15, what is -4 + -96?
-9a
In base 15, what is -1d8 - -b?
-1cc
In base 16, what is d - -1?
e
In base 16, what is -5 - bc7?
-bcc
In base 3, what is -11 + 102112?
102101
In base 13, what is 2 - -130?
132
In base 7, what is 54 - -3?
60
In base 14, what is 5 - 392?
-38b
In base 15, what is 7c + -12?
6a
In base 14, what is 9 - 0?
9
In base 13, what is -c - -25?
16
In base 9, what is -1437 + 4?
-1433
In base 11, what is -2 - 676?
-678
In base 2, what is -100111 - 11110?
-1000101
In base 7, what is -11 - -1?
-10
In base 11, what is 9 - 424?
-416
In base 7, what is -1154 + 1?
-1153
In base 8, what is -70 + 3?
-65
In base 11, what is 0 + -10?
-10
In base 9, what is 57 - 738?
-671
In base 5, what is 10 + -11003?
-10443
In base 6, what is 503 + 42?
545
In base 14, what is 5 - -134?
139
In base 5, what is -3042 - 3?
-3100
In base 3, what is 11 - 211010?
-210222
In base 15, what is -14 - 3?
-17
In base 3, what is -2 + -1110?
-1112
In base 5, what is -1 - 3321?
-3322
In base 15, what is 9 - 40?
-36
In base 6, what is 21 + 2004?
2025
In base 10, what is -957 - -6?
-951
In base 3, what is -2 + -2102?
-2111
In base 4, what is -233311 - 11?
-233322
In base 9, what is 673 + -2?
671
In base 2, what is 10 - -101?
111
In base 15, what is -240 + -8?
-248
In base 13, what is c78 - 0?
c78
In base 3, what is 12002 + 2?
12011
In base 3, what is 2 - 12011?
-12002
In base 10, what is 9 + 5?
14
In base 13, what is 6675 + 5?
667a
In base 10, what is -11 + -103?
-114
In base 10, what is -16999 + 5?
-16994
In base 15, what is 4 - -ec2?
ec6
In base 3, what is -12022000 + 0?
-12022000
In base 10, what is -1 + -70?
-71
In base 14, what is -b0 - 1?
-b1
In base 5, what is 31 + 2301?
2332
In base 2, what is -10 + 1001001100?
1001001010
In base 2, what is 11101101011 + -11?
11101101000
In base 8, what is -22 + 125?
103
In base 13, what is b98a - -5?
b992
In base 6, what is 1 - 1424?
-1423
In base 13, what is 1 - -16?
17
In base 2, what is 1001 + -11010?
-10001
In base 5, what is 110 - -3343?
4003
In base 5, what is -30104 - -3?
-30101
In base 12, what is 180 + -5?
177
In base 6, what is 51521 - -1?
51522
In base 3, what is -11 + -10010?
-10021
In base 7, what is 4613 - -5?
4621
In base 11, what is 1 - -4?
5
In base 12, what is -397 - 1?
-398
In base 15, what is -84b0 + -2?
-84b2
In base 8, what is -5 - 46?
-53
In base 10, what is -44 + -4?
-48
In base 12, what is 2 + -511?
-50b
In base 7, what is -16524 + 4?
-16520
In base 10, what is 1 + 660?
661
In base 10, what is 29 - -1271?
1300
In base 6, what is 1103 + 0?
1103
In base 10, what is -990 - -8?
-982
In base 16, what is -2d + 10?
-1d
In base 3, what is 22 - 21011?
-20212
In base 5, what is 10 + -13?
-3
In base 9, what is 471 - -2?
473
In base 16, what is 7 + -6f4?
-6ed
In base 2, what is 10 - 100010000010?
-100010000000
In base 6, what is 4 - 1423?
-1415
In base 16, what is -1 - -a8?
a7
In base 14, what is -b1 - -3?
-ac
In base 4, what is 10 - -1220?
1230
In base 13, what is -7 - 1a?
-24
In base 8, what is 1 - -1730?
1731
In base 16, what is -3 - 8?
-b
In base 8, what is -1114 - 5?
-1121
In base 16, what is 7d - 8?
75
In base 3, what is 21211 - -12?
22000
In base 9, what is 3 - -1605?
1608
In base 15, what is 1a3 + -4?
19e
In base 2, what is 100 + -101111?
-101011
In base 15, what is -5 + 52?
4c
In base 16, what is 2b + 6?
31
In base 10, what is 7 + 1?
8
In base 11, what is -5 + 53?
49
In base 10, what is 195 - 6?
189
In base 13, what is -18 + -2?
-1a
In base 13, what is 7 + -26?
-1c
In base 5, what is -23 + 2?
-21
In base 4, what is -33 - -3?
-30
In base 12, what is -219 - 2a?
-247
In base 9, what is 188 + -47?
141
In base 2, what is -100000001010001 - 10?
-100000001010011
In base 8, what is -17 - -112?
73
In base 5, what is 4 + -2411?
-2402
In base 14, what is 9c3 + 3?
9c6
In base 10, what is -81 - 2?
-83
In base 14, what is -9 - aa5?
-ab0
In base 3, what is -212112 + -2?
-212121
In base 10, what is -13 + 14?
1
In base 8, what is 0 + -201?
-201
In base 4, what is -1 - 1300?
-1301
In base 3, what is -211112 + -12?
-211201
In base 11, what is -19 + -76?
-94
In base 2, what is 111 - -101?
1100
In base 6, what is -2 - -230?
224
In base 2, what is -1100 - 10100111?
-10110011
In base 14, what is a - 21?
-15
In base 11, what is 0 + 5?
5
In base 11, what is 19 - -41?
5a
In base 7, what is 1 + 10616?
10620
In base 4, what is 0 - -21?
21
In base 16, what is 3 - -1a7?
1aa
In base 9, what is 206 - 1?
205
In base 2, what is -10 + 10000100?
10000010
In base 7, what is -3 + 203?
200
In base 13, what is -3337 - -5?
-3332
In base 3, what is -10010 + -2?
-10012
In base 3, what is 11 - 120?
-102
In base 12, what is 106 + -6?
100
In base 5, what is 12 - 14204?
-14142
In base 14, what is 10 + 8?
18
In base 13, what is 0 - 20?
-20
In base 7, what is 101222 - -1?
101223
In base 11, what is -5546 - -1?
-5545
In base 12, what is 10 - 10?
0
In base 14, what is 19 - 12?
7
In base 6, what is -342305 + -3?
-342312
In base 9, what is -8 - -130?
121
In base 5, what is 3321 - -1?
3322
In base 13, what is -10 - 105?
-115
In base 3, what is -12 - -2001?
1212
In base 7, what is -52 - 0?
-52
In base 7, what is 6 + -1264?
-1255
In base 12, what is -b + -129?
-138
In base 11, what is 1a41 + 0?
1a41
In base 16, what is -53 + -1?
-54
In base 2, what is -11011001111 + 1?
-11011001110
In base 3, what is 102122 + 0?
102122
In base 5, what is -2 - 411?
-413
In base 7, what is 0 + -11021?
-11021
In base 7, what is 1 - -3014?
3015
In base 11, what is -2 + 30?
29
In base 2, what is -10110 - 0?
-10110
In base 2, what is 1011011 + 100?
1011111
In base 3, what is 12 - -22020?
22102
In base 4, what is -10 - 103?
-113
In base 14, what is -ca7 - 3?
-caa
In base 16, what is -12 + -8?
-1a
In base 11, what is 4 + -24?
-20
In base 2, what is -1010010011 - 100?
-1010010111
In base 12, what is 1 - -69?
6a
In base 9, what is -31 - 17?
-48
In base 6, what is 4 - -32?
40
In base 12, what is 4 + -22?
-1a
In base 15, what is -28 - -5?
-23
In base 12, what is -5 + -a2?
-a7
In base 13, what is -63 + -4?
-67
In base 9, what is -3 - 15?
-18
In base 10, what is -2 - 39?
-41
In base 12, what is -137 - 0?
-137
In base 15, what is -d + 1a?
c
In base 8, what is -1223 - -4?
-1217
In base 10, what is -6 - 30?
-36
In base 8, what is 5 + -1013?
-1006
In base 15, what is 5 - 131?
-12b
In base 16, what is -3 - 1133?
-1136
In base 10, what is -7 - -67?
60
In base 15, what is -5 - -1?
-4
In base 7, what is 5 - -3022?
3030
In base 3, what is -11 + -1112020?
-1112101
In base 11, what is 5 - -30?
35
In base 6, what is 3544 + -3?
3541
In base 13, what is 1 + 92?
93
In base 6, what is -3222 - -5?
-3213
In base 10, what is 3 + 1274?
1277
In base 3, what is -10102 - -11?
-10021
In base 7, what is -62 + -20?
-112
In base 16, what is 145 + -4?
141
In base 11, what is 1 - 57?
-56
In base 5, what is 10 + 241?
301
In base 15, what is 0 - 631?
-631
In base 6, what is 13 - 304?
-251
In base 8, what is -105 + -71?
-176
In base 16, what is -5 + -2a1?
-2a6
In base 8, what is -33 - -6?
-25
In base 2, what is 10 + 101110100?
101110110
In base 10, what is -11 + 7?
-4
In base 14, what is 3d7b + 3?
3d80
In base 7, what is -4 - 22465?
-22502
In base 7, what is -4 - 24023?
-24030
In base 14, what is -2 - b?
-d
In base 11, what is -3 - 68?
-70
In base 7, what is -16 + -121?
-140
In base 12, what is 8 + -7a6?
-79a
In base 2, what is -101110 + -100000?
-1001110
In base 14, what is d + 1?
10
In base 14, what is -6094 + -3?
-6097
In base 7, what is 5 + -256?
-251
In base 7, what is 12544 - 0?
12544
In base 11, what is 11 + 200?
211
In base 3, what is -2 - 210200?
-210202
In base 12, what is 244 - -2?
246
In base 6, what is -21 + -5?
-30
In base 4, what is -1 - 0?
-1
In base 3, what is 2121112 - -12?
2121201
In base 5, what is 40 + -2300?
-2210
In base 5, what is 20232 + 1?
20233
In base 14, what is 5 + b4?
b9
In base 15, what is -229 + c?
-21c
In base 12, what is -5a - -1?
-59
In base 16, what is -166 + 1?
-165
In base 13, what is -113c7 - -4?
-113c3
In base 7, what is -5 + 1?
-4
In base 11, what is -2 + -1794?
-1796
In base 3, what is 12 - -120112?
120201
In base 14, what is -4 - -80?
7a
In base 7, what is 2 + 23613?
23615
In base 7, what is -5 + -51?
-56
In base 3, what